{"id":55,"date":"2024-04-28T11:08:59","date_gmt":"2024-04-28T09:08:59","guid":{"rendered":"https:\/\/assoneuropsy13.fr\/?page_id=55"},"modified":"2026-04-21T10:55:04","modified_gmt":"2026-04-21T08:55:04","slug":"annuaire-public","status":"publish","type":"page","link":"https:\/\/assoneuropsy13.fr\/index.php\/annuaire-public\/","title":{"rendered":"Annuaire public"},"content":{"rendered":"\n<figure class=\"wp-block-table\"><table><tbody><tr><td><strong><em>Nom<\/em><\/strong><\/td><td><strong><em>Adresse<\/em><\/strong><\/td><td><strong><em>T\u00e9l\u00e9phone<\/em><\/strong><\/td><td><strong><em>Mail<\/em><\/strong><\/td><td><strong><em>Population<\/em><\/strong><\/td><\/tr><tr><td><strong>Morgane Bul\u00e9on<\/strong><\/td><td>80 Rue David Douillet 13410 Lambesc<\/td><td>0760555426<\/td><td>cabinet.neuropsy.buleon@gmail.com<\/td><td>Enfants\/Adolescents, Personnes \u00e2gees<\/td><\/tr><tr><td><strong>Tristan DESILES<\/strong><\/td><td>UPPM H\u00f4pital Sainte Marguerite Pavillon 7 4\u00e8me \u00e9tage 270 bd de sainte marguerite 13009 Marseille<\/td><td>0635535998<\/td><td>tristan.desiles@salinsdebregille.com<\/td><td>Enfants\/Adolescents, Adultes<\/td><\/tr><tr><td><strong>M\u00c9RIAUX<br>Jade<\/strong><\/td><td>99 avenue de St Louis 13015 Marseille<\/td><td><\/td><td>jade.meriaux@ch-edouard-toulouse.fr<\/td><td>Enfants\/Adolescents<\/td><\/tr><tr><td><strong>MAYET<br>Daphn\u00e9<\/strong><\/td><td>P\u00f4le Sant\u00e9 Les Tourelles &#8211; all\u00e9e de la Tourelle &#8211; 13127 VITROLLES<\/td><td>0673589268<\/td><td>daphnemayetneuropsy@gmail.com<\/td><td>Enfants\/Adolescents<\/td><\/tr><tr><td><strong>COMBES Lucile<\/strong><\/td><td>10 chemin du mas des 4 vents, 13800 ISTRES<\/td><td><\/td><td>lcombes@chrysalidegdf.com<\/td><td>Enfants\/Adolescents<\/td><\/tr><tr><td><strong>LAMI<br>Fiona<\/strong><\/td><td>13 rue mariaud, 13016 marseille<\/td><td><\/td><td><\/td><td>Enfants\/Adolescents, Adultes, Personnes \u00e2gees<\/td><\/tr><tr><td><strong>HUSSER<br>Jolene<\/strong><\/td><td>centre hospitalier du pays salonais<\/td><td>0490449403<\/td><td>jolene.husser@ch-salon.fr<\/td><td>Personnes \u00e2gees<\/td><\/tr><tr><td><strong>BAIER-MOUGIN<br>Sophia<\/strong><\/td><td>2 av du parc 13100 aix en Provence<\/td><td><\/td><td><\/td><td>Enfants\/Adolescents, Adultes<\/td><\/tr><tr><td><strong>GUINET<br>Johanna<\/strong><\/td><td>28 boulevard de la r\u00e9publique 13100 AIX<\/td><td>0767901536<\/td><td>johanna@genepsy.com<\/td><td>Adultes<\/td><\/tr><tr><td><strong>DUFOUR<br>No\u00e9mie<\/strong><\/td><td>210, ch ar\u00e8ne cros 13600 la Ciotat<\/td><td>0652261699<\/td><td>noemiedufour.psy@yahoo.com<\/td><td>Enfants\/Adolescents, Adultes<\/td><\/tr><tr><td><strong>ARSIQUAUD<br>Marine<\/strong><\/td><td>56 avenue andr\u00e9 roussin 13016<\/td><td>0763033226<\/td><td>marine.arsiquaud@aftc13.com<\/td><td>Adultes<\/td><\/tr><tr><td><strong>CAU<br>C\u00e9cile<\/strong><\/td><td>93 cours Gimon 13300 Salon-de-Provence<\/td><td>0767497121<\/td><td>consultation@ccaupsychologue.fr<\/td><td>Adultes<\/td><\/tr><tr><td><strong>RAGOUILLIAUX<br>Emilie<\/strong><\/td><td>12 rue d&rsquo;Aix 13510 Eguilles<\/td><td>0620999144<\/td><td>emilie.ragouilliaux@pm.me<\/td><td>Enfants\/Adolescents, Adultes, Personnes \u00e2gees<\/td><\/tr><tr><td><strong>SUAREZ DEL CHIARO<br>Isabel<\/strong><\/td><td>H\u00f4pital Salvator 249 Bd Sainte Marguerite 13009 Marseille<\/td><td><\/td><td>isabel-cristina.suarez-del-chiaro@ap-hm.fr<\/td><td>Enfants\/Adolescents, Adultes<\/td><\/tr><tr><td><strong>MONTOY<br>Axelle<\/strong><\/td><td>CERTA H\u00f4pital Salvator 249 Boulevard de Sainte Marguerite Marseille 13009<\/td><td><\/td><td>axelle.montoy@ap-hm.fr<\/td><td>Enfants\/Adolescents<\/td><\/tr><\/tbody><\/table><\/figure>\n\n\n\n<figure class=\"wp-block-image size-full\"><img fetchpriority=\"high\" decoding=\"async\" width=\"715\" height=\"129\" src=\"http:\/\/assoneuropsy13.fr\/wp-content\/uploads\/2024\/04\/bandeau-2.jpg\" alt=\"\" class=\"wp-image-12\" srcset=\"https:\/\/assoneuropsy13.fr\/wp-content\/uploads\/2024\/04\/bandeau-2.jpg 715w, https:\/\/assoneuropsy13.fr\/wp-content\/uploads\/2024\/04\/bandeau-2-300x54.jpg 300w\" sizes=\"(max-width: 715px) 100vw, 715px\" \/><\/figure>\n","protected":false},"excerpt":{"rendered":"<p>Nom Adresse T\u00e9l\u00e9phone Mail Population Morgane Bul\u00e9on 80 Rue David Douillet 13410 Lambesc 0760555426 cabinet.neuropsy.buleon@gmail.com Enfants\/Adolescents, Personnes \u00e2gees Tristan DESILES UPPM H\u00f4pital Sainte Marguerite Pavillon 7 4\u00e8me \u00e9tage 270 bd de sainte marguerite 13009 Marseille 0635535998 tristan.desiles@salinsdebregille.com Enfants\/Adolescents, Adultes M\u00c9RIAUXJade 99 avenue de St Louis 13015 Marseille jade.meriaux@ch-edouard-toulouse.fr Enfants\/Adolescents MAYETDaphn\u00e9 P\u00f4le Sant\u00e9 Les Tourelles &#8211;&hellip;<\/p>\n","protected":false},"author":1,"featured_media":0,"parent":0,"menu_order":0,"comment_status":"closed","ping_status":"closed","template":"","meta":{"_themeisle_gutenberg_block_has_review":false,"footnotes":""},"class_list":["post-55","page","type-page","status-publish","hentry"],"_links":{"self":[{"href":"https:\/\/assoneuropsy13.fr\/index.php\/wp-json\/wp\/v2\/pages\/55","targetHints":{"allow":["GET"]}}],"collection":[{"href":"https:\/\/assoneuropsy13.fr\/index.php\/wp-json\/wp\/v2\/pages"}],"about":[{"href":"https:\/\/assoneuropsy13.fr\/index.php\/wp-json\/wp\/v2\/types\/page"}],"author":[{"embeddable":true,"href":"https:\/\/assoneuropsy13.fr\/index.php\/wp-json\/wp\/v2\/users\/1"}],"replies":[{"embeddable":true,"href":"https:\/\/assoneuropsy13.fr\/index.php\/wp-json\/wp\/v2\/comments?post=55"}],"version-history":[{"count":19,"href":"https:\/\/assoneuropsy13.fr\/index.php\/wp-json\/wp\/v2\/pages\/55\/revisions"}],"predecessor-version":[{"id":534,"href":"https:\/\/assoneuropsy13.fr\/index.php\/wp-json\/wp\/v2\/pages\/55\/revisions\/534"}],"wp:attachment":[{"href":"https:\/\/assoneuropsy13.fr\/index.php\/wp-json\/wp\/v2\/media?parent=55"}],"curies":[{"name":"wp","href":"https:\/\/api.w.org\/{rel}","templated":true}]}}