{"id":99,"date":"2018-10-24T04:05:07","date_gmt":"2018-10-24T04:05:07","guid":{"rendered":"https:\/\/futuriodemos.com\/default-demo\/?page_id=99"},"modified":"2026-04-21T10:48:22","modified_gmt":"2026-04-21T08:48:22","slug":"evenements","status":"publish","type":"page","link":"https:\/\/assoneuropsy13.fr\/index.php\/evenements\/","title":{"rendered":"\u00c9v\u00e8nements"},"content":{"rendered":"<p>Retrouvez ici toutes les informations sur les \u00e9v\u00e8nements de l&rsquo;association.<\/p>\n<p>Les visio-conf\u00e9rences sont r\u00e9alis\u00e9es sur Skype. Un lien est envoy\u00e9 avant la tenue de l&rsquo;intervention.<\/p>\n<p>Apr\u00e8s chaque conf\u00e9rence, un compte rendu vous sera envoy\u00e9 \u00e0 tous les adh\u00e9rents<\/p>\n<\/p>\n\n\n<figure class=\"wp-block-table\"><table><tbody><tr><td class=\"has-text-align-center\" data-align=\"center\"><strong>Date<\/strong><\/td><td class=\"has-text-align-center\" data-align=\"center\"><strong>\u00c9v\u00e8nement<\/strong><\/td><td class=\"has-text-align-center\" data-align=\"center\"><strong>Lieu<\/strong><\/td><\/tr><tr><td class=\"has-text-align-center\" data-align=\"center\"><strong>Lundi 18 Mai 2026<\/strong><\/td><td class=\"has-text-align-center\" data-align=\"center\"><strong><em>Pr\u00e9sentation des nouvelles batteries psychom\u00e9triques :<\/em><\/strong><br><em>WAIS-V et WRAML-3<\/em><br><strong>\u00a0<\/strong>Anim\u00e9e par Delphine BACHELIER,\u00a0neuropsychologue<\/td><td class=\"has-text-align-center\" data-align=\"center\"><strong>Visioconf\u00e9rence<\/strong><br>ZOOM<br>18h-19h<\/td><\/tr><tr><td class=\"has-text-align-center\" data-align=\"center\"><strong>Samedi 26 Juin 2026<\/strong><\/td><td class=\"has-text-align-center\" data-align=\"center\"><strong>Ap\u00e9ryPsy<\/strong><br>Soir\u00e9e bar<\/td><td class=\"has-text-align-center\" data-align=\"center\"><strong>Aix-en-Pce<\/strong><br>Chez Mus<br><em>A partir de 18h30<\/em><\/td><\/tr><tr><td class=\"has-text-align-center\" data-align=\"center\"><strong>Vendredi 18 Septembre 2026<\/strong><\/td><td class=\"has-text-align-center\" data-align=\"center\"><strong>Ap\u00e9ryPsy<\/strong><br>Soir\u00e9e bar<\/td><td class=\"has-text-align-center\" data-align=\"center\"><strong>Marseille<\/strong><br>V and B<br><em>A partir de 18h30<\/em><\/td><\/tr><tr><td class=\"has-text-align-center\" data-align=\"center\"><strong>Samedi 28 Novembre 2026<\/strong><\/td><td class=\"has-text-align-center\" data-align=\"center\"><strong>Profil TSA au f\u00e9minin<\/strong><br><em>A CONFIRMER<\/em><\/td><td class=\"has-text-align-center\" data-align=\"center\"><strong>Visioconf\u00e9rence<\/strong><br><br>ZOOM<br><br>11h-12h<\/td><\/tr><tr><td class=\"has-text-align-center\" data-align=\"center\"><strong>Samedi 16 janvier 2027<\/strong><\/td><td class=\"has-text-align-center\" data-align=\"center\"><strong>IA et R\u00e9alit\u00e9 virtuelle<\/strong><br><em>A CONFIRMER<\/em><br><br><strong>Assembl\u00e9e G\u00e9n\u00e9rale de Neuropsy13<\/strong><br>accompagn\u00e9e de deux conf\u00e9rences th\u00e9matiques<br><em>(\u00e0 venir)<\/em><\/td><td class=\"has-text-align-center\" data-align=\"center\"><strong>Visioconf\u00e9rence<\/strong><br>ZOOM<br>10h-13h<\/td><\/tr><\/tbody><\/table><\/figure>\n\n\n\n<figure class=\"wp-block-image size-full\"><img fetchpriority=\"high\" decoding=\"async\" width=\"715\" height=\"129\" src=\"http:\/\/assoneuropsy13.fr\/wp-content\/uploads\/2024\/04\/bandeau-2.jpg\" alt=\"\" class=\"wp-image-12\" srcset=\"https:\/\/assoneuropsy13.fr\/wp-content\/uploads\/2024\/04\/bandeau-2.jpg 715w, https:\/\/assoneuropsy13.fr\/wp-content\/uploads\/2024\/04\/bandeau-2-300x54.jpg 300w\" sizes=\"(max-width: 715px) 100vw, 715px\" \/><\/figure>\n","protected":false},"excerpt":{"rendered":"<p>Retrouvez ici toutes les informations sur les \u00e9v\u00e8nements de l&rsquo;association. Les visio-conf\u00e9rences sont r\u00e9alis\u00e9es sur Skype. Un lien est envoy\u00e9 avant la tenue de l&rsquo;intervention. Apr\u00e8s chaque conf\u00e9rence, un compte rendu vous sera envoy\u00e9 \u00e0 tous les adh\u00e9rents Date \u00c9v\u00e8nement Lieu Lundi 18 Mai 2026 Pr\u00e9sentation des nouvelles batteries psychom\u00e9triques :WAIS-V et WRAML-3\u00a0Anim\u00e9e par Delphine&hellip;<\/p>\n","protected":false},"author":1,"featured_media":0,"parent":0,"menu_order":0,"comment_status":"closed","ping_status":"closed","template":"","meta":{"_themeisle_gutenberg_block_has_review":false,"footnotes":""},"class_list":["post-99","page","type-page","status-publish","hentry"],"_links":{"self":[{"href":"https:\/\/assoneuropsy13.fr\/index.php\/wp-json\/wp\/v2\/pages\/99","targetHints":{"allow":["GET"]}}],"collection":[{"href":"https:\/\/assoneuropsy13.fr\/index.php\/wp-json\/wp\/v2\/pages"}],"about":[{"href":"https:\/\/assoneuropsy13.fr\/index.php\/wp-json\/wp\/v2\/types\/page"}],"author":[{"embeddable":true,"href":"https:\/\/assoneuropsy13.fr\/index.php\/wp-json\/wp\/v2\/users\/1"}],"replies":[{"embeddable":true,"href":"https:\/\/assoneuropsy13.fr\/index.php\/wp-json\/wp\/v2\/comments?post=99"}],"version-history":[{"count":19,"href":"https:\/\/assoneuropsy13.fr\/index.php\/wp-json\/wp\/v2\/pages\/99\/revisions"}],"predecessor-version":[{"id":530,"href":"https:\/\/assoneuropsy13.fr\/index.php\/wp-json\/wp\/v2\/pages\/99\/revisions\/530"}],"wp:attachment":[{"href":"https:\/\/assoneuropsy13.fr\/index.php\/wp-json\/wp\/v2\/media?parent=99"}],"curies":[{"name":"wp","href":"https:\/\/api.w.org\/{rel}","templated":true}]}}

Évènements

<p>Retrouvez ici toutes les informations sur les évènements de l&rsquo;association.</p>
<p>Les visio-conférences sont réalisées sur Skype. Un lien est envoyé avant la tenue de l&rsquo;intervention.</p>
<p>Après chaque conférence, un compte rendu vous sera envoyé à tous les adhérents</p>
</p>


<figure class="wp-block-table"><table><tbody><tr><td class="has-text-align-center" data-align="center"><strong>Date</strong></td><td class="has-text-align-center" data-align="center"><strong>Évènement</strong></td><td class="has-text-align-center" data-align="center"><strong>Lieu</strong></td></tr><tr><td class="has-text-align-center" data-align="center"><strong>Lundi 18 Mai 2026</strong></td><td class="has-text-align-center" data-align="center"><strong><em>Présentation des nouvelles batteries psychométriques :</em></strong><br><em>WAIS-V et WRAML-3</em><br><strong> </strong>Animée par Delphine BACHELIER, neuropsychologue</td><td class="has-text-align-center" data-align="center"><strong>Visioconférence</strong><br>ZOOM<br>18h-19h</td></tr><tr><td class="has-text-align-center" data-align="center"><strong>Samedi 26 Juin 2026</strong></td><td class="has-text-align-center" data-align="center"><strong>ApéryPsy</strong><br>Soirée bar</td><td class="has-text-align-center" data-align="center"><strong>Aix-en-Pce</strong><br>Chez Mus<br><em>A partir de 18h30</em></td></tr><tr><td class="has-text-align-center" data-align="center"><strong>Vendredi 18 Septembre 2026</strong></td><td class="has-text-align-center" data-align="center"><strong>ApéryPsy</strong><br>Soirée bar</td><td class="has-text-align-center" data-align="center"><strong>Marseille</strong><br>V and B<br><em>A partir de 18h30</em></td></tr><tr><td class="has-text-align-center" data-align="center"><strong>Samedi 28 Novembre 2026</strong></td><td class="has-text-align-center" data-align="center"><strong>Profil TSA au féminin</strong><br><em>A CONFIRMER</em></td><td class="has-text-align-center" data-align="center"><strong>Visioconférence</strong><br><br>ZOOM<br><br>11h-12h</td></tr><tr><td class="has-text-align-center" data-align="center"><strong>Samedi 16 janvier 2027</strong></td><td class="has-text-align-center" data-align="center"><strong>IA et Réalité virtuelle</strong><br><em>A CONFIRMER</em><br><br><strong>Assemblée Générale de Neuropsy13</strong><br>accompagnée de deux conférences thématiques<br><em>(à venir)</em></td><td class="has-text-align-center" data-align="center"><strong>Visioconférence</strong><br>ZOOM<br>10h-13h</td></tr></tbody></table></figure>



<figure class="wp-block-image size-full"><img fetchpriority="high" decoding="async" width="715" height="129" src="http://assoneuropsy13.fr/wp-content/uploads/2024/04/bandeau-2.jpg" alt="" class="wp-image-12" srcset="https://assoneuropsy13.fr/wp-content/uploads/2024/04/bandeau-2.jpg 715w, https://assoneuropsy13.fr/wp-content/uploads/2024/04/bandeau-2-300x54.jpg 300w" sizes="(max-width: 715px) 100vw, 715px" /></figure>

<p>Retrouvez ici toutes les informations sur les évènements de l&rsquo;association. Les visio-conférences sont réalisées sur Skype. Un lien est envoyé avant la tenue de l&rsquo;intervention. Après chaque conférence, un compte rendu vous sera envoyé à tous les adhérents Date Évènement Lieu Lundi 18 Mai 2026 Présentation des nouvelles batteries psychométriques :WAIS-V et WRAML-3 Animée par Delphine&hellip;</p>
